{"id":927,"date":"2023-06-29T13:00:58","date_gmt":"2023-06-29T10:00:58","guid":{"rendered":"https:\/\/www.telealumni.fi\/alumni\/?page_id=927"},"modified":"2024-10-24T14:31:24","modified_gmt":"2024-10-24T11:31:24","slug":"kesatapaaminen-2024","status":"publish","type":"page","link":"https:\/\/telealumni.fi\/alumni\/kesatapaaminen-2024\/","title":{"rendered":"Kes\u00e4tapaaminen 2024"},"content":{"rendered":"\n\n\n<p>Hei,\u00a0<\/p>\n<p>M\u00f6kkiviikonloppu vietet\u00e4\u00e4n t\u00e4n\u00e4 vuonna Iso-Tarkkalan Toivolassa. Ilmoittaudu oheisesta linkist\u00e4 aamupalalle.<\/p>\n<p>Meni jo.<\/p>\n","protected":false},"excerpt":{"rendered":"<p>Hei,\u00a0 M\u00f6kkiviikonloppu vietet\u00e4\u00e4n t\u00e4n\u00e4 vuonna Iso-Tarkkalan Toivolassa. Ilmoittaudu oheisesta linkist\u00e4 aamupalalle. Meni jo.<\/p>\n","protected":false},"author":5,"featured_media":0,"parent":0,"menu_order":0,"comment_status":"closed","ping_status":"closed","template":"","meta":{"footnotes":""},"class_list":["post-927","page","type-page","status-publish","hentry"],"_links":{"self":[{"href":"https:\/\/telealumni.fi\/alumni\/wp-json\/wp\/v2\/pages\/927","targetHints":{"allow":["GET"]}}],"collection":[{"href":"https:\/\/telealumni.fi\/alumni\/wp-json\/wp\/v2\/pages"}],"about":[{"href":"https:\/\/telealumni.fi\/alumni\/wp-json\/wp\/v2\/types\/page"}],"author":[{"embeddable":true,"href":"https:\/\/telealumni.fi\/alumni\/wp-json\/wp\/v2\/users\/5"}],"replies":[{"embeddable":true,"href":"https:\/\/telealumni.fi\/alumni\/wp-json\/wp\/v2\/comments?post=927"}],"version-history":[{"count":5,"href":"https:\/\/telealumni.fi\/alumni\/wp-json\/wp\/v2\/pages\/927\/revisions"}],"predecessor-version":[{"id":965,"href":"https:\/\/telealumni.fi\/alumni\/wp-json\/wp\/v2\/pages\/927\/revisions\/965"}],"wp:attachment":[{"href":"https:\/\/telealumni.fi\/alumni\/wp-json\/wp\/v2\/media?parent=927"}],"curies":[{"name":"wp","href":"https:\/\/api.w.org\/{rel}","templated":true}]}}