{"id":52,"date":"2015-10-08T01:50:00","date_gmt":"2015-10-07T22:50:00","guid":{"rendered":"http:\/\/telealumni.cc.tut.fi\/alumni\/?page_id=52"},"modified":"2015-10-09T18:16:44","modified_gmt":"2015-10-09T15:16:44","slug":"tietosuojaseloste","status":"publish","type":"page","link":"https:\/\/telealumni.fi\/alumni\/liity-jaseneksi\/tietosuojaseloste\/","title":{"rendered":"Tietosuojaseloste"},"content":{"rendered":"<h1>Tietosuojaseloste<\/h1>\n<p>yhdistetty rekisteriseloste ja informointiasiakirja<br \/>\nHenkil\u00f6tietolaki (523\/1999) 10 ja 24 \u00a7<br \/>\nLaadittu: 19.3.2012<\/p>\n<h5>1. Rekisterin pit\u00e4j\u00e4<\/h5>\n<p style=\"padding-left: 30px;\">Nimi: Tampereen teknillisen yliopiston TeLEalumni ry<br \/>\nOsoite:\u00a0Tampere<br \/>\nYhteystiedot:\u00a0telealumni at listmail . tut . fi<\/p>\n<h5>2. Yhteyshenkil\u00f6<\/h5>\n<p style=\"padding-left: 30px;\">Nimi:\u00a0Antti Ainasoja<\/p>\n<h5>3. Rekisterin nimi<\/h5>\n<p style=\"padding-left: 30px;\">Tampereen teknillisen yliopiston TeLEalumni ry:n j\u00e4senrekisteri<\/p>\n<h5>4. Henkil\u00f6tietojen k\u00e4sittelyn tarkoitus<\/h5>\n<p style=\"padding-left: 30px;\">Rekisteriss\u00e4 pidet\u00e4\u00e4n yll\u00e4 yhdistyslain (503\/1989) 11 \u00a7:n mukaista j\u00e4senlistaa, sek\u00e4 yhdistyksen s\u00e4\u00e4nt\u00f6jen mukaisen toiminnan vaatimia perustietoja. Lis\u00e4ksi yll\u00e4pidet\u00e4\u00e4n yhteystietoja j\u00e4senviestint\u00e4\u00e4 varten.<\/p>\n<h5>5. Rekisterin tietosis\u00e4lt\u00f6<\/h5>\n<h6>Rekisteriin ker\u00e4tt\u00e4v\u00e4t tiedot:<\/h6>\n<p style=\"padding-left: 30px;\">nimi, kotipaikka, s\u00e4hk\u00f6posti, opiskelun aloitus- ja valmistumisvuosi, j\u00e4seneksi hakemis- ja hyv\u00e4ksymisp\u00e4iv\u00e4t sek\u00e4 perustelut, j\u00e4senyyden tyyppi (j\u00e4sen, perustajaj\u00e4sen, kannatusj\u00e4sen, kunniaj\u00e4sen), tietoja maksetuista j\u00e4senmaksuista<\/p>\n<h5>6. S\u00e4\u00e4nn\u00f6nmukaiset tietol\u00e4heet<\/h5>\n<p style=\"padding-left: 30px;\">Rekisterin sis\u00e4lt\u00e4m\u00e4t tiedot saadaan p\u00e4\u00e4s\u00e4\u00e4nt\u00f6isesti j\u00e4senilt\u00e4 itselt\u00e4\u00e4n.<\/p>\n<h5>7. Tietojen s\u00e4\u00e4nn\u00f6nmukaiset luovutukset<\/h5>\n<p style=\"padding-left: 30px;\">Rekisterin sis\u00e4lt\u00e4mi\u00e4 tietoja ei luovuteta s\u00e4\u00e4nn\u00f6nmukaisesti.<\/p>\n<h5>8. Tietojen siirto EU:n tai ETA:n ulkopuolelle<\/h5>\n<p style=\"padding-left: 30px;\">Rekisterin sis\u00e4lt\u00e4mi\u00e4 tietoja ei luovuteta EU:n tai ETA:n ulkopuolelle.<\/p>\n<h5>9. Rekisterin suojauksen periaatteet<\/h5>\n<h6>Manuaalinen aineisto<\/h6>\n<p style=\"padding-left: 30px;\">Tietoja ei k\u00e4sitell\u00e4 manuaalisesti.<\/p>\n<h6>ATK:lla k\u00e4sitelt\u00e4v\u00e4t tiedot<\/h6>\n<p style=\"padding-left: 30px;\">Rekisteri on suojattu k\u00e4ytt\u00e4j\u00e4tunnuksin ja salasanoin. Tietojen yll\u00e4pidosta vastaavilla henkil\u00f6ill\u00e4 on rekisteriin kirjoitusoikeudet niille osin kuin tarpeellista. Muilla rekisterin k\u00e4ytt\u00e4jill\u00e4 (p\u00e4\u00e4s\u00e4\u00e4nt\u00f6isesti yhdistyksen hallitus) on vain lukuoikeudet.<\/p>\n<h5>10. Tarkastusoikeudet<\/h5>\n<p style=\"padding-left: 30px;\">Yhdistyksen j\u00e4senill\u00e4 on yhdistyslain (503\/1989) 11 \u00a7:n mukainen oikeus vaatia n\u00e4ht\u00e4v\u00e4kseen lain 11 \u00a7:ss\u00e4 m\u00e4\u00e4ritellyt j\u00e4senluettelotiedot.<\/p>\n<p style=\"padding-left: 30px;\">Jokaisella j\u00e4senell\u00e4 on henkil\u00f6tietolain (523\/1999) 24 \u00a7:n mukainen oikeus tarkastaa j\u00e4senrekisterist\u00e4 h\u00e4nt\u00e4 itse\u00e4\u00e4n koskevat tiedot.<\/p>\n<p style=\"padding-left: 30px;\">Tietojen tarkastaminen on maksutonta kerran vuodessa. Tietoja voi pyyt\u00e4\u00e4 rekisterin pit\u00e4j\u00e4lt\u00e4.<\/p>\n<h5>11. Oikeus vaatia tiedon korjaamista<\/h5>\n<p style=\"padding-left: 30px;\">J\u00e4senill\u00e4 on henkil\u00f6tietolain (523\/1999) 29 \u00a7:n mukainen oikeus vaatia rekisteriss\u00e4 olevan virheellisen tiedon korjaamista.<\/p>\n<p style=\"padding-left: 30px;\">Korjaamista tulee pyyt\u00e4\u00e4 rekisterin pit\u00e4j\u00e4lt\u00e4.<\/p>\n<h5>12. Muut henkil\u00f6tietojen k\u00e4sittelyyn liittyv\u00e4t oikeudet<\/h5>\n<p style=\"padding-left: 30px;\">Rekisterin sis\u00e4lt\u00e4mi\u00e4 tietoja ei ilman j\u00e4senen erillist\u00e4 lupaa k\u00e4ytet\u00e4 suoramainontaan, et\u00e4myyntiin, muuhun suoramarkkinointiin, markkina- ja mielipidetutkimuksiin tai henkil\u00f6matrikkelia ja sukututkimusta varten.<\/p>\n","protected":false},"excerpt":{"rendered":"<p>Tietosuojaseloste yhdistetty rekisteriseloste ja informointiasiakirja Henkil\u00f6tietolaki (523\/1999) 10 ja 24 \u00a7 Laadittu: 19.3.2012 1. Rekisterin pit\u00e4j\u00e4 Nimi: Tampereen teknillisen yliopiston TeLEalumni ry Osoite:\u00a0Tampere Yhteystiedot:\u00a0telealumni at listmail . tut . fi 2. Yhteyshenkil\u00f6 Nimi:\u00a0Antti Ainasoja 3. Rekisterin nimi Tampereen teknillisen yliopiston TeLEalumni ry:n j\u00e4senrekisteri 4. Henkil\u00f6tietojen k\u00e4sittelyn tarkoitus Rekisteriss\u00e4 pidet\u00e4\u00e4n yll\u00e4 yhdistyslain (503\/1989) 11 \u00a7:n mukaista &hellip; <a href=\"https:\/\/telealumni.fi\/alumni\/liity-jaseneksi\/tietosuojaseloste\/\" class=\"more-link\">Continue reading <span class=\"screen-reader-text\">Tietosuojaseloste<\/span><\/a><\/p>\n","protected":false},"author":2,"featured_media":0,"parent":57,"menu_order":0,"comment_status":"closed","ping_status":"closed","template":"","meta":{"footnotes":""},"class_list":["post-52","page","type-page","status-publish","hentry"],"_links":{"self":[{"href":"https:\/\/telealumni.fi\/alumni\/wp-json\/wp\/v2\/pages\/52","targetHints":{"allow":["GET"]}}],"collection":[{"href":"https:\/\/telealumni.fi\/alumni\/wp-json\/wp\/v2\/pages"}],"about":[{"href":"https:\/\/telealumni.fi\/alumni\/wp-json\/wp\/v2\/types\/page"}],"author":[{"embeddable":true,"href":"https:\/\/telealumni.fi\/alumni\/wp-json\/wp\/v2\/users\/2"}],"replies":[{"embeddable":true,"href":"https:\/\/telealumni.fi\/alumni\/wp-json\/wp\/v2\/comments?post=52"}],"version-history":[{"count":9,"href":"https:\/\/telealumni.fi\/alumni\/wp-json\/wp\/v2\/pages\/52\/revisions"}],"predecessor-version":[{"id":130,"href":"https:\/\/telealumni.fi\/alumni\/wp-json\/wp\/v2\/pages\/52\/revisions\/130"}],"up":[{"embeddable":true,"href":"https:\/\/telealumni.fi\/alumni\/wp-json\/wp\/v2\/pages\/57"}],"wp:attachment":[{"href":"https:\/\/telealumni.fi\/alumni\/wp-json\/wp\/v2\/media?parent=52"}],"curies":[{"name":"wp","href":"https:\/\/api.w.org\/{rel}","templated":true}]}}